{"id":12319,"date":"2024-10-10T16:38:04","date_gmt":"2024-10-10T16:38:04","guid":{"rendered":"https:\/\/montacargasventayrenta.com\/?page_id=12319"},"modified":"2025-02-05T18:42:52","modified_gmt":"2025-02-05T18:42:52","slug":"manipulador-telescopico-en-monterrey","status":"publish","type":"page","link":"https:\/\/optimizacion-online.info\/mtr\/manipulador-telescopico-en-monterrey\/","title":{"rendered":"Manipulador telesc\u00f3pico en Monterrey"},"content":{"rendered":"<p>Con el prop\u00f3sito de optimizar el tiempo, el trabajo y los recursos, con respecto a las obras de construcci\u00f3n y en las industrias agr\u00edcolas, es necesario seleccionar m\u00e1quinas que sean resistentes, multifuncionales e innovadoras, como en el caso del <a href=\"https:\/\/montacargasventayrenta.com\/manipulador-telescopico-una-solucion-ideal-para-las-empresas-modernas\/\" target=\"_blank\" rel=\"noopener\"><strong><u>manipulador telesc\u00f3pico en Monterrey<\/u><\/strong><\/a>. Son veh\u00edculos que se caracterizan por tener buena capacidad para llevar a cabo las tareas que usualmente realizan varias m\u00e1quinas.<\/p>\n<p>Dentro de los elementos que les permite diferenciarse del resto, se encuentra el brazo telesc\u00f3pico. Este permite alcanzar alturas elevadas y operar en \u00e1reas que sean muy estrechas. Lo que hace esta m\u00e1quina, que sea un equipo vers\u00e1til, es su capacidad para soportar gran cantidad de accesorios.<\/p>\n<h2>\u00bfQu\u00e9 es un manipulador telesc\u00f3pico?<\/h2>\n<p>Se trata de un veh\u00edculo multiuso que se implementa en \u00e1reas industriales como agricultura, construcci\u00f3n, miner\u00eda, entre otros. Cuentan con una estructura que les permite alcanzar alturas importantes, as\u00ed como, trabajar de forma efectiva en zonas estrechas o contextos que son at\u00edpicos. Adem\u00e1s, se caracterizan por permitir la manipulaci\u00f3n de grandes cantidades de materiales, incluyendo ciclos de trabajos continuos e intensos.<\/p>\n<p>Este tipo de m\u00e1quina, se compone de:<\/p>\n<ul>\n<li>Cabina de control. Es creada para ofrecer mayor confort y seguridad en los operadores.<\/li>\n<li>Este incluye el sistema de tracci\u00f3n, el chasis, el motor.<\/li>\n<li>Manipulador telesc\u00f3pico fijo<\/li>\n<li>Brazo telesc\u00f3pico. Una pieza robusta y con potencia.<\/li>\n<li>Enganche hidr\u00e1ulico. Se encuentra ubicado en el extremo del brazo, con el fin de permitir la fijaci\u00f3n de los diversos equipos, como: cestas portapersonas, horquillas, pinzas para pacas, alargadores de torre, entre otros.<\/li>\n<\/ul>\n<p>Asimismo, los manipuladores telesc\u00f3picos se pueden encontrar clasificados en los siguientes grupos:<\/p>\n<ul>\n<li>Palas articuladas telesc\u00f3picas. Estas piezas se caracterizan por disponer de un brazo central que asegura el m\u00e1ximo nivel de maniobrabilidad y visibilidad. Es una alternativa ideal para quienes requieren tener m\u00e1s posibilidad de maniobras, lo que permite que se pueda llegar a \u00e1reas que son muy estrechas.<\/li>\n<li>Manipuladores telesc\u00f3picos fijos. Cuentan con un elevador frontal. En este caso, el brazo se desarrolla mediante un movimiento vertical a partir del punto de anclaje.<\/li>\n<li>Manipuladores telesc\u00f3picos, giratorios o rotativos. Estas m\u00e1quinas cuentan con una rotaci\u00f3n continua de 360\u00b0 y no continua de aproximadamente 400\u00b0. Es un manipulador ideal para levantar, transportar y manipular cantidades grandes de productos en proyectos de construcci\u00f3n.<\/li>\n<\/ul>\n<h2>Ventajas de un buen <strong>manipulador telesc\u00f3pico en Monterrey<\/strong><\/h2>\n<ul>\n<li>Una de las soluciones tecnol\u00f3gicas que ayudan a los operadores a trabajar, incluso en condiciones adversas.<\/li>\n<li>Existe una amplia variedad de accesorios, adem\u00e1s, es una m\u00e1quina que permite realizar diversas operaciones.<\/li>\n<li>M\u00e1xima versatilidad. Permiten solventar cualquier necesidad de transporte y elevaci\u00f3n.<\/li>\n<li>Alto nivel de maniobrabilidad.<\/li>\n<li>&nbsp;<\/li>\n<\/ul>\n<p>Con el fin de que se puedan elegir los mejores equipos, TMR cuenta con varias l\u00edneas que se caracterizan por su capacidad de carga, tama\u00f1o, altura y sistemas innovadores. As\u00ed, es posible contar con un veh\u00edculo que pueda responder a las necesidades existentes.<\/p>\n<h2>Razones para elegirlos un <strong>manipulador telesc\u00f3pico en Monterrey<\/strong><\/h2>\n<h3>Alcance y elevaci\u00f3n<\/h3>\n<p>Tienen la capacidad de alcanzar alturas importantes. Son m\u00e1quinas adecuadas para cargas o descargas de elementos como: techos, andamios o plataformas elevadas.<\/p>\n<h3>Capacidad de elevaci\u00f3n<\/h3>\n<p>Se pueden manipular para cargas que sean pesadas, lo que las hace adecuadas para levantar materiales como paneles de yeso, vigas y otros objetos pesados<em>.<\/em><\/p>\n<h3>Versatilidad<\/h3>\n<p>Los accesorios son muchos, de esta manera, se puede realizar una amplia variedad de tareas, desde cargar y transportar materiales hasta elevar trabajadores para llevar a cabo trabajos en altura.<\/p>\n<h3>Eficiencia<\/h3>\n<p>Son m\u00e1s r\u00e1pidos que otras m\u00e1quinas, lo que puede contribuir a acelerar las operaciones de un respectivo proyecto de construcci\u00f3n.<\/p>\n<h3>Seguridad<\/h3>\n<p>Son m\u00e1quinas que tienen caracter\u00edsticas de seguridad espec\u00edficas, como sistemas de advertencia, sistemas de estabilizaci\u00f3n y controles precisos. As\u00ed, se puede tener la oportunidad de prevenir accidentes en el espacio de trabajo.<\/p>\n<h2>Manipulador telesc\u00f3pico para la construcci\u00f3n<\/h2>\n<p>Dentro de los principales sectores en los que, hoy en d\u00eda, se usan los manipuladores telesc\u00f3picos, se encuentra la construcci\u00f3n. En este caso, es posible trabajar con manipuladores telesc\u00f3picos fijos giratorios o palas articuladas telesc\u00f3picas. Especialmente, en este sector se usa este tipo de maquinarias para posicionar, mover o levantar materiales e incluso personas.<\/p>\n<p>De igual modo, el nivel de potencia y la capacidad de carga que tienen estas m\u00e1quinas, as\u00ed como la posibilidad de montar equipos determinados, permite que se puedan adaptar para llevar a cabo cualquier tipo de actividad y, por ende, sustituir otros equipos como en el caso de las plataformas a\u00e9reas, carretillas elevadoras y las gr\u00faas. Entre las ventajas m\u00e1s destacables, se encuentran:<\/p>\n<ul>\n<li>Cuentan con una rotaci\u00f3n de la plataforma que permite cubrir un \u00e1rea de trabajo de m\u00e1s de 2300 metros cuadrados aproximadamente.&nbsp;<\/li>\n<li>Disponen de una extensi\u00f3n del brazo para alcanzar alturas y longitudes elevadas.<\/li>\n<li>Cuenta con estabilizadores de nivelaci\u00f3n autom\u00e1tica que permiten facilitar, en gran medida, la estabilizaci\u00f3n en el caso de terrenos accidentados o que sean irregulares.&nbsp;<\/li>\n<li>Tienen una posici\u00f3n lateral del brazo y un nivel de tecnolog\u00eda \u00f3ptimo que asegura la m\u00e1xima visibilidad de cualquier entorno de trabajo. Por ello, se puede tener plena seguridad de trabajar con control total y seguro, inclusive en entornos donde exista una estructura compleja.<\/li>\n<\/ul>\n<h2>Manipulador telesc\u00f3pico para la agricultura<\/h2>\n<p>En el caso de las empresas agr\u00edcolas, este tipo de maquinaria viene siendo una alternativa id\u00f3nea para transportar, levantar y posicionar mercanc\u00eda o cargas. La implementaci\u00f3n de este manipulador telesc\u00f3pico en este sector, ofrece grandes ventajas, porque es posible simplificar los tiempos de trabajo y reemplazar varios equipos, como en el caso de las palas cargadoras y el tractor normal.<\/p>\n<h2>\u00bfD\u00f3nde adquirir un manipulador<strong> telesc\u00f3pico en Monterrey<\/strong>?<\/h2>\n<p>Si de <a href=\"https:\/\/montacargasventayrenta.com\/nuevas-aplicaciones-emergentes-para-manipuladores-telescopicos-en-la-industria-agricola\/\" target=\"_blank\" rel=\"noopener\"><strong><u>manipulador telesc\u00f3pico en Monterrey<\/u><\/strong><\/a> se trata, entonces puedes contar con TMR. Somos una empresa con amplia experiencia en venta y renta de una variedad de alternativas en montacargas listos para ser aprovechados.<\/p>\n<p>Adem\u00e1s, nos caracterizamos por ofrecer el mejor servicio, refacciones y piezas en nuestro taller para que nuestros clientes obtengan el m\u00e1ximo rendimiento de su inversi\u00f3n en equipos de las mejores marcas del mercado.&nbsp; Realizamos servicios en nuestras instalaciones, as\u00ed como, en el campo de trabajo.<\/p>\n<p>Como distribuidores autorizados de las mejores marcas, ofrecemos la renta y venta de las mejores unidades con los mejores precios, calidad en el servicio y entregas oportunas a todo el norte de la Rep\u00fablica Mexicana, con centros de distribuci\u00f3n en Monterrey, Saltillo y Torre\u00f3n.<\/p>\n<p>Si desea conocer m\u00e1s sobre nuestros servicios o sobre nuestros montacargas, le invitamos a completar el formulario de contacto disponible en nuestro sitio web y gustosamente le proporcionaremos toda la informaci\u00f3n que busque.<\/p>\n<p>Para m\u00e1s informaci\u00f3n y cotizaciones, +52 (81) 8327 0498, 8327 6445, 8364 4601. Puede encontrarnos en la Carr. Miguel Alem\u00e1n 102 (km 12.5), San Nicol\u00e1s de Los Garza, Nuevo Le\u00f3n. M\u00e9xico.<\/p>\n","protected":false},"excerpt":{"rendered":"<p>Con el prop\u00f3sito de optimizar el tiempo, el trabajo y los recursos, con respecto a las obras de construcci\u00f3n y en las industrias agr\u00edcolas, es necesario seleccionar m\u00e1quinas que sean resistentes, multifuncionales e innovadoras, como en el caso del manipulador telesc\u00f3pico en Monterrey. Son veh\u00edculos que se caracterizan por tener buena capacidad para llevar a [&hellip;]<\/p>\n","protected":false},"author":4,"featured_media":0,"parent":0,"menu_order":0,"comment_status":"closed","ping_status":"closed","template":"","meta":{"footnotes":""},"class_list":["post-12319","page","type-page","status-publish","hentry"],"_links":{"self":[{"href":"https:\/\/optimizacion-online.info\/mtr\/wp-json\/wp\/v2\/pages\/12319","targetHints":{"allow":["GET"]}}],"collection":[{"href":"https:\/\/optimizacion-online.info\/mtr\/wp-json\/wp\/v2\/pages"}],"about":[{"href":"https:\/\/optimizacion-online.info\/mtr\/wp-json\/wp\/v2\/types\/page"}],"author":[{"embeddable":true,"href":"https:\/\/optimizacion-online.info\/mtr\/wp-json\/wp\/v2\/users\/4"}],"replies":[{"embeddable":true,"href":"https:\/\/optimizacion-online.info\/mtr\/wp-json\/wp\/v2\/comments?post=12319"}],"version-history":[{"count":0,"href":"https:\/\/optimizacion-online.info\/mtr\/wp-json\/wp\/v2\/pages\/12319\/revisions"}],"wp:attachment":[{"href":"https:\/\/optimizacion-online.info\/mtr\/wp-json\/wp\/v2\/media?parent=12319"}],"curies":[{"name":"wp","href":"https:\/\/api.w.org\/{rel}","templated":true}]}}