{"id":11808,"date":"2023-03-22T08:03:55","date_gmt":"2023-03-22T08:03:55","guid":{"rendered":"https:\/\/montacargasventayrenta.com\/?post_type=product&#038;p=11808"},"modified":"2023-06-06T00:22:56","modified_gmt":"2023-06-06T00:22:56","slug":"montacargas-bateria-de-plomo-acido-de-3-ruedas-de-transaccion-trasera-1-3-1-5t","status":"publish","type":"product","link":"https:\/\/optimizacion-online.info\/mtr\/producto\/montacargas-bateria-de-plomo-acido-de-3-ruedas-de-transaccion-trasera-1-3-1-5t\/","title":{"rendered":"Montacargas (bater\u00eda de plomo-\u00e1cido) de 3 ruedas de transacci\u00f3n trasera 1.3-1.5T"},"content":{"rendered":"<p>Conducci\u00f3n c\u00f3moda<br \/>\n? Gran espacio operativo<\/p>\n<p>M\u00e1stil de visi\u00f3n amplia<br \/>\n\u2022 El m\u00e1stil de visi\u00f3n amplia de nuevo dise\u00f1o con cadenas especiales aumenta la visibilidad del operador de forma eficaz;<br \/>\n\u2022 La forma de arco grande de la protecci\u00f3n superior y la bandeja de rejilla con el \u00e1ngulo adecuado aumenta la vista superior del operador;<\/p>\n<p>Alta eficiencia de trabajo<br \/>\n\u2022 Estructura compacta y peque\u00f1a, operaci\u00f3n adecuada en \u00e1reas estrechas;<br \/>\n\u2022 El sistema hidr\u00e1ulico y el cilindro hidr\u00e1ulico de nuevo dise\u00f1o proporcionado un rendimiento de carga\/descarga m\u00e1s eficiente;<\/p>\n<p>Excelente rendimiento de mantenimiento<br \/>\n\u2022 Motor de tracci\u00f3n y elevaci\u00f3n AC, eje delantero con freno h\u00famedo, libre de mantenimiento;<br \/>\n\u2022 Mejor capacidad de carga en posici\u00f3n alta;<br \/>\n\u2022 Desaceleraci\u00f3n autom\u00e1tica en carretera con curvas, m\u00e1s inteligente y segura;<br \/>\n\u2022 Luz de advertencia est\u00e1ndar y sistema OPS de conducci\u00f3n;<\/p>\n<p>Dise\u00f1o inteligente<br \/>\n\u2022 Controlador de tracci\u00f3n AC, controlador de elevaci\u00f3n AC;<br \/>\n\u2022 Interruptor de emergencia;<br \/>\n\u2022 Autoprotecci\u00f3n del controlador;<br \/>\n\u2022 Tecnolog\u00eda CAN BUS est\u00e1ndar;<br \/>\n\u2022 Auto frenado en rampa<br \/>\n\u2022 Protecci\u00f3n de la secuencia de operaciones<br \/>\n\u2022&nbsp;Sistema OPS.<\/p>\n<p>Nuevo sistema de conducci\u00f3n<br \/>\n\u2022 La combinaci\u00f3n del motor de tracci\u00f3n de CA y la caja de engranajes de gran relaci\u00f3n mejoran por completo el rendimiento de conducci\u00f3n<br \/>\n\u2022 Con la adaptaci\u00f3n de la tecnolog\u00eda de energ\u00eda renovable, es m\u00e1s eficiente y ahorra energ\u00eda<\/p>\n","protected":false},"excerpt":{"rendered":"<div id=\"1689700804\" class=\"u_1689700804 dmNewParagraph\" data-element-type=\"paragraph\" data-version=\"5\" data-binding=\"W3siYmluZGluZ05hbWUiOiJ0ZXh0IiwidmFsdWUiOiJkeW5hbWljX3BhZ2VfY29sbGVjdGlvbi5USVBPIn1d\" data-diy-text=\"\">Montacargas (bater\u00eda de plomo-\u00e1cido)<\/div>\n<div id=\"1503534281\" class=\"u_1503534281 dmNewParagraph\" data-element-type=\"paragraph\" data-version=\"5\" data-binding=\"W3siYmluZGluZ05hbWUiOiJ0ZXh0IiwidmFsdWUiOiJkeW5hbWljX3BhZ2VfY29sbGVjdGlvbi5NQVJDQSJ9XQ==\" data-diy-text=\"\">CHL<\/div>\n","protected":false},"featured_media":11814,"comment_status":"closed","ping_status":"closed","template":"","meta":[],"product_brand":[],"product_cat":[395,392,312],"product_tag":[],"class_list":{"0":"post-11808","1":"product","2":"type-product","3":"status-publish","4":"has-post-thumbnail","6":"product_cat-montacargas-de-bateria-de-plomo","7":"product_cat-chl","8":"product_cat-electricos","10":"first","11":"instock","12":"shipping-taxable","13":"product-type-simple"},"_links":{"self":[{"href":"https:\/\/optimizacion-online.info\/mtr\/wp-json\/wp\/v2\/product\/11808","targetHints":{"allow":["GET"]}}],"collection":[{"href":"https:\/\/optimizacion-online.info\/mtr\/wp-json\/wp\/v2\/product"}],"about":[{"href":"https:\/\/optimizacion-online.info\/mtr\/wp-json\/wp\/v2\/types\/product"}],"replies":[{"embeddable":true,"href":"https:\/\/optimizacion-online.info\/mtr\/wp-json\/wp\/v2\/comments?post=11808"}],"wp:featuredmedia":[{"embeddable":true,"href":"https:\/\/optimizacion-online.info\/mtr\/wp-json\/wp\/v2\/media\/11814"}],"wp:attachment":[{"href":"https:\/\/optimizacion-online.info\/mtr\/wp-json\/wp\/v2\/media?parent=11808"}],"wp:term":[{"taxonomy":"product_brand","embeddable":true,"href":"https:\/\/optimizacion-online.info\/mtr\/wp-json\/wp\/v2\/product_brand?post=11808"},{"taxonomy":"product_cat","embeddable":true,"href":"https:\/\/optimizacion-online.info\/mtr\/wp-json\/wp\/v2\/product_cat?post=11808"},{"taxonomy":"product_tag","embeddable":true,"href":"https:\/\/optimizacion-online.info\/mtr\/wp-json\/wp\/v2\/product_tag?post=11808"}],"curies":[{"name":"wp","href":"https:\/\/api.w.org\/{rel}","templated":true}]}}