{"id":11835,"date":"2023-03-22T08:39:25","date_gmt":"2023-03-22T08:39:25","guid":{"rendered":"https:\/\/montacargasventayrenta.com\/?post_type=product&#038;p=11835"},"modified":"2023-06-06T00:18:40","modified_gmt":"2023-06-06T00:18:40","slug":"montacargas-20-46t-ic","status":"publish","type":"product","link":"https:\/\/optimizacion-online.info\/mtr\/producto\/montacargas-20-46t-ic\/","title":{"rendered":"Montacargas 20-46T IC"},"content":{"rendered":"<p>Seguro y Conveniente<br \/>\n\u2022 OPS para todo el cami\u00f3n<br \/>\n\u2022 radar de marcha atr\u00e1s y sistema de im\u00e1genes<br \/>\n\u2022 Sistema de embaldosado autom\u00e1tico que facilita el mantenimiento interior<br \/>\n\u2022 Cap\u00f3 del motor con gran \u00e1ngulo de apertura<\/p>\n<p>Amplia visi\u00f3n y potente sistema de elevaci\u00f3n<br \/>\n\u2022 Excelente vista frontal que beneficia la mejora de la seguridad y la eficiencia de trabajo<br \/>\n\u2022 Sistema de motor fuerte<br \/>\n\u2022 Motor VOLVO importado<br \/>\n\u2022 Acelerador electr\u00f3nico<br \/>\n\u2022 Control de BUS, visualizaci\u00f3n en tiempo real<br \/>\n\u2022 Gran par a baja velocidad y respuesta r\u00e1pida<br \/>\n\u2022 Buena econom\u00eda de combustible y bajo nivel de ruido<\/p>\n<p>Caja de cambios y convertidor de par<br \/>\n\u2022 Transmisi\u00f3n ZF importada<br \/>\n\u2022 F\u00e1cil cambio de marchas<br \/>\n\u2022 Seguro y confiable; ruido bajo<br \/>\n\u2022 Funci\u00f3n de diagn\u00f3stico de fallas<\/p>\n<p>Sistema de frenos hidr\u00e1ulicos<br \/>\n\u2022 Sistema de freno h\u00famedo hidr\u00e1ulico<br \/>\n\u2022 Sistema de direcci\u00f3n hidr\u00e1ulica completa<br \/>\n\u2022 Bomba variable de pistones axiales con funci\u00f3n de detecci\u00f3n de carga, ahorro de energ\u00eda y silenciosa<br \/>\n\u2022 La operaci\u00f3n piloto del controlador hidr\u00e1ulico de la v\u00e1lvula de control tiene una funci\u00f3n de control remoto, f\u00e1cil de operar<br \/>\n\u2022 El tanque de aceite separado para el sistema hidr\u00e1ulico y el freno asegura la pureza del aceite<\/p>\n","protected":false},"excerpt":{"rendered":"<div id=\"1689700804\" class=\"u_1689700804 dmNewParagraph\" data-element-type=\"paragraph\" data-version=\"5\" data-binding=\"W3siYmluZGluZ05hbWUiOiJ0ZXh0IiwidmFsdWUiOiJkeW5hbWljX3BhZ2VfY29sbGVjdGlvbi5USVBPIn1d\" data-diy-text=\"\">Montacargas de Gran Capacidad<\/div>\n<div id=\"1503534281\" class=\"u_1503534281 dmNewParagraph\" data-element-type=\"paragraph\" data-version=\"5\" data-binding=\"W3siYmluZGluZ05hbWUiOiJ0ZXh0IiwidmFsdWUiOiJkeW5hbWljX3BhZ2VfY29sbGVjdGlvbi5NQVJDQSJ9XQ==\" data-diy-text=\"\">CHL<\/div>\n","protected":false},"featured_media":11845,"comment_status":"closed","ping_status":"closed","template":"","meta":[],"product_brand":[],"product_cat":[396,392,310],"product_tag":[],"class_list":{"0":"post-11835","1":"product","2":"type-product","3":"status-publish","4":"has-post-thumbnail","6":"product_cat-montacargas-de-gran-capacidad","7":"product_cat-chl","8":"product_cat-diesel","10":"first","11":"instock","12":"shipping-taxable","13":"product-type-simple"},"_links":{"self":[{"href":"https:\/\/optimizacion-online.info\/mtr\/wp-json\/wp\/v2\/product\/11835","targetHints":{"allow":["GET"]}}],"collection":[{"href":"https:\/\/optimizacion-online.info\/mtr\/wp-json\/wp\/v2\/product"}],"about":[{"href":"https:\/\/optimizacion-online.info\/mtr\/wp-json\/wp\/v2\/types\/product"}],"replies":[{"embeddable":true,"href":"https:\/\/optimizacion-online.info\/mtr\/wp-json\/wp\/v2\/comments?post=11835"}],"wp:featuredmedia":[{"embeddable":true,"href":"https:\/\/optimizacion-online.info\/mtr\/wp-json\/wp\/v2\/media\/11845"}],"wp:attachment":[{"href":"https:\/\/optimizacion-online.info\/mtr\/wp-json\/wp\/v2\/media?parent=11835"}],"wp:term":[{"taxonomy":"product_brand","embeddable":true,"href":"https:\/\/optimizacion-online.info\/mtr\/wp-json\/wp\/v2\/product_brand?post=11835"},{"taxonomy":"product_cat","embeddable":true,"href":"https:\/\/optimizacion-online.info\/mtr\/wp-json\/wp\/v2\/product_cat?post=11835"},{"taxonomy":"product_tag","embeddable":true,"href":"https:\/\/optimizacion-online.info\/mtr\/wp-json\/wp\/v2\/product_tag?post=11835"}],"curies":[{"name":"wp","href":"https:\/\/api.w.org\/{rel}","templated":true}]}}