{"id":4459,"date":"2018-11-13T03:15:51","date_gmt":"2018-11-13T03:15:51","guid":{"rendered":"https:\/\/montacargasventayrenta.com\/?post_type=product&#038;p=4459"},"modified":"2018-11-13T03:15:51","modified_gmt":"2018-11-13T03:15:51","slug":"jlg-elevador-de-pluma-telescopica-sobre-orugas-660sjc","status":"publish","type":"product","link":"https:\/\/optimizacion-online.info\/mtr\/producto\/jlg-elevador-de-pluma-telescopica-sobre-orugas-660sjc\/","title":{"rendered":"JLG Elevador de pluma telesc\u00f3pica sobre orugas 660SJC"},"content":{"rendered":"<p>Caracter\u00edsticas clave<br \/>\nPara sus trabajos y terrenos m\u00e1s dif\u00edciles, la Serie Orugas 600 le proporciona la movilidad que necesita<br \/>\nControl Joystick de conducci\u00f3n\/direcci\u00f3n para operaci\u00f3n con una mano<br \/>\nRadio de giro cero para desplazarse con mayor facilidad en el lugar de trabajo<\/p>\n<table cellspacing=\"0\" cellpadding=\"0\">\n<tbody>\n<tr>\n<td colspan=\"2\" bgcolor=\"#CCCCCC\" width=\"631\" height=\"24\">Fuente de alimentaci\u00f3n<\/td>\n<\/tr>\n<tr>\n<td width=\"375\" height=\"20\">Alimentaci\u00f3n auxiliar<\/td>\n<td width=\"256\">12 Volts DC<\/td>\n<\/tr>\n<tr>\n<td width=\"375\" height=\"20\">Capacidad \u2013 Tanque de combustible<\/td>\n<td width=\"256\">148 L \/ 39 gal.<\/td>\n<\/tr>\n<tr>\n<td width=\"375\" height=\"20\">Tipo de motor \u2013 Di\u00e9sel \u2013 LRC<\/td>\n<td width=\"256\">Deutz D2011L04 w\/EGR 46 kW 61.6 hp<\/td>\n<\/tr>\n<tr>\n<td height=\"20\">&nbsp;<\/td>\n<td>&nbsp;<\/td>\n<\/tr>\n<tr>\n<td colspan=\"2\" bgcolor=\"#CCCCCC\" width=\"631\" height=\"24\">Datos de desempe\u00f1o<\/td>\n<\/tr>\n<tr>\n<td width=\"375\" height=\"24\">Oscilaci\u00f3n del eje<\/td>\n<td width=\"256\">0 cm \/ 0 in.<\/td>\n<\/tr>\n<tr>\n<td width=\"375\" height=\"24\">Velocidad de conducci\u00f3n \u2013 Doble tracci\u00f3n (4WD)<\/td>\n<td width=\"256\">2.60 km\/h \/ 1.62 mph<\/td>\n<\/tr>\n<tr>\n<td width=\"375\" height=\"20\">Capacidad en pendientes \u2013 Doble tracci\u00f3n<\/td>\n<td width=\"256\">55%<\/td>\n<\/tr>\n<tr>\n<td width=\"375\" height=\"20\">Capacidad de la plataforma \u2013 No restringida<\/td>\n<td width=\"256\">230 kg \/ 507 lb<\/td>\n<\/tr>\n<tr>\n<td width=\"375\" height=\"20\">Giro<\/td>\n<td width=\"256\">360 Degrees<\/td>\n<\/tr>\n<tr>\n<td width=\"375\" height=\"20\">Tipo de giro<\/td>\n<td width=\"256\">Continuo<\/td>\n<\/tr>\n<tr>\n<td height=\"20\">&nbsp;<\/td>\n<td>&nbsp;<\/td>\n<\/tr>\n<tr>\n<td colspan=\"2\" bgcolor=\"#CCCCCC\" width=\"631\" height=\"24\">Datos dimensionales<\/td>\n<\/tr>\n<tr>\n<td width=\"375\" height=\"20\">Espacio libre al suelo<\/td>\n<td width=\"256\">0.38 m \/ 1 ft 3 in.<\/td>\n<\/tr>\n<tr>\n<td width=\"375\" height=\"24\">Altura de la m\u00e1quina<\/td>\n<td width=\"256\">2.56 m \/ 8 ft<\/td>\n<\/tr>\n<tr>\n<td width=\"375\" height=\"24\">Longitud de la m\u00e1quina<\/td>\n<td width=\"256\">10.21 m \/ 33 ft<\/td>\n<\/tr>\n<tr>\n<td width=\"375\" height=\"20\">Ancho de la m\u00e1quina<\/td>\n<td width=\"256\">2.49 m \/ 8 ft<\/td>\n<\/tr>\n<tr>\n<td width=\"375\" height=\"24\">Dimensi\u00f3n A de la plataforma<\/td>\n<td width=\"256\">0.91 m \/ 3 ft<\/td>\n<\/tr>\n<tr>\n<td width=\"375\" height=\"24\">Dimensi\u00f3n B de la plataforma<\/td>\n<td width=\"256\">2.44 m \/ 8 ft<\/td>\n<\/tr>\n<tr>\n<td width=\"375\" height=\"20\">Altura de la plataforma<\/td>\n<td width=\"256\">20.31 m \/ 67 ft<\/td>\n<\/tr>\n<tr>\n<td width=\"375\" height=\"20\">Oscilaci\u00f3n posterior<\/td>\n<td width=\"256\">1.10 m \/ 4 ft<\/td>\n<\/tr>\n<tr>\n<td width=\"375\" height=\"20\">Ancho de tracci\u00f3n<\/td>\n<td width=\"256\">0.5 m \/ 1 ft 8 in.<\/td>\n<\/tr>\n<tr>\n<td height=\"20\">&nbsp;<\/td>\n<td>&nbsp;<\/td>\n<\/tr>\n<tr>\n<td colspan=\"2\" bgcolor=\"#CCCCCC\" width=\"631\" height=\"24\">Especificaciones de alcance<\/td>\n<\/tr>\n<tr>\n<td width=\"375\" height=\"20\">Alcance horizontal<\/td>\n<td width=\"256\">17.30 m \/ 57 ft<\/td>\n<\/tr>\n<tr>\n<td width=\"375\" height=\"24\">Altura de la plataforma<\/td>\n<td width=\"256\">20.31 m \/ 67 ft<\/td>\n<\/tr>\n<tr>\n<td width=\"375\" height=\"24\">Rotaci\u00f3n de brazo vertical<\/td>\n<td width=\"256\">130 Degrees<\/td>\n<\/tr>\n<tr>\n<td height=\"24\">&nbsp;<\/td>\n<td>&nbsp;<\/td>\n<\/tr>\n<tr>\n<td colspan=\"2\" bgcolor=\"#CCCCCC\" width=\"631\" height=\"24\">Especificaciones generales<\/td>\n<\/tr>\n<tr>\n<td width=\"375\" height=\"24\">Capacidad \u2013 Dep\u00f3sito hidr\u00e1ulico<\/td>\n<td width=\"256\">121.13 L \/ 32 gal.<\/td>\n<\/tr>\n<tr>\n<td width=\"375\" height=\"20\">Presi\u00f3n de apoyo sobre el suelo<\/td>\n<td width=\"256\">0.46 Kg\/cm2<\/td>\n<\/tr>\n<tr>\n<td width=\"375\" height=\"20\">Peso de la m\u00e1quina<\/td>\n<td width=\"256\">12293 kg \/ 27101 lb<\/td>\n<\/tr>\n<\/tbody>\n<\/table>\n","protected":false},"excerpt":{"rendered":"<p>Despl\u00e1cese por sitios de trabajo dif\u00edciles con la Serie de Orugas 600, dise\u00f1ada para ofrecer una mejor flotaci\u00f3n y tracci\u00f3n para los sitios de trabajo m\u00e1s dif\u00edciles. Un chasis de oruga, maniobrabilidad mejorada sobre superficies suaves y un radio de giro cero le llevan a los lugares que otros simplemente no pueden ir. Adem\u00e1s, la Serie de Orugas 600 est\u00e1 equipada con rieles hechos totalmente de acero y disponibles discos de caucho para usar en superficies pavimentadas.<\/p>\n<p>Key Specs<br \/>\nAlcance horizontal : 17.30 m \/ 57 ft<br \/>\nCapacidad de la plataforma \u2013 No restringida : 230 kg \/ 507 lb<br \/>\nAltura de la plataforma: 20.31 m \/ 67 ft<\/p>\n","protected":false},"featured_media":4485,"comment_status":"closed","ping_status":"closed","template":"","meta":[],"product_brand":[],"product_cat":[319,338,336,320],"product_tag":[],"class_list":{"0":"post-4459","1":"product","2":"type-product","3":"status-publish","4":"has-post-thumbnail","6":"product_cat-elevadores","7":"product_cat-jlg","8":"product_cat-marcas","9":"product_cat-motorizados-de-pluma","11":"first","12":"instock","13":"shipping-taxable","14":"product-type-simple"},"_links":{"self":[{"href":"https:\/\/optimizacion-online.info\/mtr\/wp-json\/wp\/v2\/product\/4459","targetHints":{"allow":["GET"]}}],"collection":[{"href":"https:\/\/optimizacion-online.info\/mtr\/wp-json\/wp\/v2\/product"}],"about":[{"href":"https:\/\/optimizacion-online.info\/mtr\/wp-json\/wp\/v2\/types\/product"}],"replies":[{"embeddable":true,"href":"https:\/\/optimizacion-online.info\/mtr\/wp-json\/wp\/v2\/comments?post=4459"}],"wp:featuredmedia":[{"embeddable":true,"href":"https:\/\/optimizacion-online.info\/mtr\/wp-json\/wp\/v2\/media\/4485"}],"wp:attachment":[{"href":"https:\/\/optimizacion-online.info\/mtr\/wp-json\/wp\/v2\/media?parent=4459"}],"wp:term":[{"taxonomy":"product_brand","embeddable":true,"href":"https:\/\/optimizacion-online.info\/mtr\/wp-json\/wp\/v2\/product_brand?post=4459"},{"taxonomy":"product_cat","embeddable":true,"href":"https:\/\/optimizacion-online.info\/mtr\/wp-json\/wp\/v2\/product_cat?post=4459"},{"taxonomy":"product_tag","embeddable":true,"href":"https:\/\/optimizacion-online.info\/mtr\/wp-json\/wp\/v2\/product_tag?post=4459"}],"curies":[{"name":"wp","href":"https:\/\/api.w.org\/{rel}","templated":true}]}}