{"id":4527,"date":"2018-11-13T05:04:06","date_gmt":"2018-11-13T05:04:06","guid":{"rendered":"https:\/\/montacargasventayrenta.com\/?post_type=product&#038;p=4527"},"modified":"2018-11-22T21:11:52","modified_gmt":"2018-11-22T21:11:52","slug":"elevador-de-tijera-motorizado-530lrt","status":"publish","type":"product","link":"https:\/\/optimizacion-online.info\/mtr\/producto\/elevador-de-tijera-motorizado-530lrt\/","title":{"rendered":"Elevador de tijera motorizado 530LRT"},"content":{"rendered":"<p>Altura de la plataforma: 16.20 m \/ 53 ft<br \/>\nAncho de la m\u00e1quina : 2.31 m \/ 8 ft<br \/>\nCapacidad de la plataforma : 680 kg \/ 1499 lb<\/p>\n<table cellspacing=\"0\" cellpadding=\"0\">\n<colgroup>\n<col width=\"300\">\n<col width=\"180\"><\/colgroup>\n<tbody>\n<tr>\n<td bgcolor=\"#CCCCCC\" width=\"300\" height=\"20\">Fuente de alimentaci\u00f3n<\/td>\n<td width=\"180\">&nbsp;<\/td>\n<\/tr>\n<tr>\n<td height=\"20\">Bater\u00edas<\/td>\n<td>NA<\/td>\n<\/tr>\n<tr>\n<td height=\"20\">Capacidad \u2013 Tanque de combustible<\/td>\n<td>83.30 L \/ 22 gal.<\/td>\n<\/tr>\n<tr>\n<td height=\"20\">Tipo de motor \u2013 Di\u00e9sel<\/td>\n<td>Kubota D1305 30 hp 22.4 kW<\/td>\n<\/tr>\n<tr>\n<td height=\"20\">Tipo de motor \u2013 Combustible doble<\/td>\n<td>Kubota WG972 31 23 kW<\/td>\n<\/tr>\n<tr>\n<td height=\"20\">&nbsp;<\/td>\n<td>&nbsp;<\/td>\n<\/tr>\n<tr>\n<td bgcolor=\"#CCCCCC\" height=\"20\">Especificaciones generales<\/td>\n<td>&nbsp;<\/td>\n<\/tr>\n<tr>\n<td height=\"20\">Capacidad \u2013 Dep\u00f3sito hidr\u00e1ulico<\/td>\n<td>121.42 L \/ 32 gal.<\/td>\n<\/tr>\n<tr>\n<td height=\"20\">Peso de la m\u00e1quina<\/td>\n<td>7711 kg \/ 17000 lb<\/td>\n<\/tr>\n<tr>\n<td height=\"20\">Peso de la m\u00e1quina<\/td>\n<td>7995 kg \/ 17626 lb<\/td>\n<\/tr>\n<tr>\n<td height=\"20\">Oscillating Axle \u2013 4\u00d74<\/td>\n<td>Standard \/ Standard<\/td>\n<\/tr>\n<tr>\n<td height=\"20\">&nbsp;<\/td>\n<td>&nbsp;<\/td>\n<\/tr>\n<tr>\n<td bgcolor=\"#CCCCCC\" height=\"20\">Datos de desempe\u00f1o<\/td>\n<td>&nbsp;<\/td>\n<\/tr>\n<tr>\n<td height=\"20\">Velocidad de conducci\u00f3n \u2013 Plataforma elevada<\/td>\n<td>0.80 km\/h \/ 0.50 mph<\/td>\n<\/tr>\n<tr>\n<td height=\"20\">Velocidad de conducci\u00f3n \u2013 Plataforma bajada<\/td>\n<td>5.60 km\/h \/ 3.48 mph<\/td>\n<\/tr>\n<tr>\n<td height=\"20\">Capacidad en pendientes<\/td>\n<td>40%<\/td>\n<\/tr>\n<tr>\n<td height=\"20\">Tiempo de levantamiento<\/td>\n<td>65 sec.<\/td>\n<\/tr>\n<tr>\n<td height=\"20\">Tiempo de descenso<\/td>\n<td>60 sec.<\/td>\n<\/tr>\n<tr>\n<td height=\"20\">Altura m\u00e1xima de conducci\u00f3n<\/td>\n<td>9.14 m \/ 30 ft<\/td>\n<\/tr>\n<tr>\n<td height=\"20\">Capacidad de la plataforma<\/td>\n<td>680 kg \/ 1499 lb<\/td>\n<\/tr>\n<tr>\n<td height=\"20\">Capacit\u00e0 della piattaforma \u2013 Estensione<\/td>\n<td>230 kg \/ 507 lb<\/td>\n<\/tr>\n<tr>\n<td height=\"20\">Radio de giro \u2013 Exterior<\/td>\n<td>6.02 m \/ 20 ft<\/td>\n<\/tr>\n<tr>\n<td height=\"20\">&nbsp;<\/td>\n<td>&nbsp;<\/td>\n<\/tr>\n<tr>\n<td bgcolor=\"#CCCCCC\" height=\"20\">Datos dimensionales<\/td>\n<td>&nbsp;<\/td>\n<\/tr>\n<tr>\n<td height=\"20\">Espacio libre al suelo<\/td>\n<td>0.3 m \/ 1 ft<\/td>\n<\/tr>\n<tr>\n<td height=\"20\">Altura de la m\u00e1quina<\/td>\n<td>3.07 m \/ 10 ft<\/td>\n<\/tr>\n<tr>\n<td height=\"20\">Altura de la m\u00e1quina \u2013 Rieles plegados<\/td>\n<td>2.36 m \/ 8 ft<\/td>\n<\/tr>\n<tr>\n<td height=\"20\">Longitud de la m\u00e1quina<\/td>\n<td>4.88 m \/ 16 ft<\/td>\n<\/tr>\n<tr>\n<td height=\"20\">Ancho de la m\u00e1quina<\/td>\n<td>2.31 m \/ 8 ft<\/td>\n<\/tr>\n<tr>\n<td height=\"20\">Dimensi\u00f3n A de la plataforma<\/td>\n<td>1.91 m \/ 6 ft<\/td>\n<\/tr>\n<tr>\n<td height=\"20\">Dimensi\u00f3n B de la plataforma<\/td>\n<td>4.06 m \/ 13 ft<\/td>\n<\/tr>\n<tr>\n<td height=\"20\">Longitud de extensi\u00f3n de la plataforma<\/td>\n<td>1.22 m \/ 4 ft<\/td>\n<\/tr>\n<tr>\n<td height=\"20\">Altura de la plataforma<\/td>\n<td>16.20 m \/ 53 ft<\/td>\n<\/tr>\n<tr>\n<td height=\"20\">Altura de la plataforma \u2013 Bajada<\/td>\n<td>2.13 m \/ 7 ft<\/td>\n<\/tr>\n<tr>\n<td height=\"20\">Altura del barandal de la plataforma<\/td>\n<td>0.94 m \/ 3 ft<\/td>\n<\/tr>\n<tr>\n<td height=\"20\">Tama\u00f1o de llantas<\/td>\n<td>12 x 16.5 FF<\/td>\n<\/tr>\n<tr>\n<td height=\"20\">Distancia entre ejes<\/td>\n<td>2.97 m \/ 10 ft<\/td>\n<\/tr>\n<tr>\n<td height=\"20\">&nbsp;<\/td>\n<td>&nbsp;<\/td>\n<\/tr>\n<tr>\n<td bgcolor=\"#CCCCCC\" height=\"20\">Especificaciones de alcance<\/td>\n<td>&nbsp;<\/td>\n<\/tr>\n<tr>\n<td height=\"20\">Altura de la plataforma<\/td>\n<td>16.20 m \/ 53 ft<\/td>\n<\/tr>\n<tr>\n<td height=\"20\">Altura de trabajo<\/td>\n<td>18.15 m \/ 60 ft<\/td>\n<\/tr>\n<\/tbody>\n<\/table>\n","protected":false},"excerpt":{"rendered":"<p>Los elevadores de tijera motorizados de JLG\u00ae se escogen para aplicaciones que requieren m\u00e1s espacio de trabajo y mayor capacidad de elevaci\u00f3n. Tanto la serie RT como el modelo MRT ofrecen una mayor superficie de trabajo y generalmente m\u00e1s capacidad de carga que los elevadores de pluma. Ambos ofrecen un desempe\u00f1o excepcional en cuanto a maniobrabilidad en el terreno y capacidad para subir pendientes, lo que facilita las maniobras en los sitios de trabajo m\u00e1s dif\u00edciles.<\/p>\n<p>Key Specs<br \/>\nAltura de la plataforma: 16.20 m \/ 53 ft<br \/>\nAncho de la m\u00e1quina : 2.31 m \/ 8 ft<br \/>\nCapacidad de la plataforma : 680 kg \/ 1499 lb<\/p>\n","protected":false},"featured_media":4563,"comment_status":"closed","ping_status":"closed","template":"","meta":[],"product_brand":[],"product_cat":[316,319,338,336,314,321],"product_tag":[],"class_list":{"0":"post-4527","1":"product","2":"type-product","3":"status-publish","4":"has-post-thumbnail","6":"product_cat-elevadoras-de-tijera","7":"product_cat-elevadores","8":"product_cat-jlg","9":"product_cat-marcas","10":"product_cat-plataformas","11":"product_cat-tijera","13":"first","14":"instock","15":"shipping-taxable","16":"product-type-simple"},"_links":{"self":[{"href":"https:\/\/optimizacion-online.info\/mtr\/wp-json\/wp\/v2\/product\/4527","targetHints":{"allow":["GET"]}}],"collection":[{"href":"https:\/\/optimizacion-online.info\/mtr\/wp-json\/wp\/v2\/product"}],"about":[{"href":"https:\/\/optimizacion-online.info\/mtr\/wp-json\/wp\/v2\/types\/product"}],"replies":[{"embeddable":true,"href":"https:\/\/optimizacion-online.info\/mtr\/wp-json\/wp\/v2\/comments?post=4527"}],"wp:featuredmedia":[{"embeddable":true,"href":"https:\/\/optimizacion-online.info\/mtr\/wp-json\/wp\/v2\/media\/4563"}],"wp:attachment":[{"href":"https:\/\/optimizacion-online.info\/mtr\/wp-json\/wp\/v2\/media?parent=4527"}],"wp:term":[{"taxonomy":"product_brand","embeddable":true,"href":"https:\/\/optimizacion-online.info\/mtr\/wp-json\/wp\/v2\/product_brand?post=4527"},{"taxonomy":"product_cat","embeddable":true,"href":"https:\/\/optimizacion-online.info\/mtr\/wp-json\/wp\/v2\/product_cat?post=4527"},{"taxonomy":"product_tag","embeddable":true,"href":"https:\/\/optimizacion-online.info\/mtr\/wp-json\/wp\/v2\/product_tag?post=4527"}],"curies":[{"name":"wp","href":"https:\/\/api.w.org\/{rel}","templated":true}]}}