{"id":4528,"date":"2018-11-13T05:05:51","date_gmt":"2018-11-13T05:05:51","guid":{"rendered":"https:\/\/montacargasventayrenta.com\/?post_type=product&#038;p=4528"},"modified":"2018-11-22T21:11:44","modified_gmt":"2018-11-22T21:11:44","slug":"elevador-de-tijera-motorizado-430lrt","status":"publish","type":"product","link":"https:\/\/optimizacion-online.info\/mtr\/producto\/elevador-de-tijera-motorizado-430lrt\/","title":{"rendered":"Elevador de tijera motorizado 430LRT"},"content":{"rendered":"<p>Estabilidad mejorada sobre superficies irregulares: la oscilaci\u00f3n est\u00e1ndar le proporciona mejor tracci\u00f3n y capacidad para subir pendientes<br \/>\nDespliegue m\u00e1s suave de la extensi\u00f3n: la plataforma nueva est\u00e1 dise\u00f1ada para eliminar los desechos y permite el despliegue m\u00e1s suave de la extensi\u00f3n<br \/>\nMayor facilidad de mantenimiento: los compartimientos hidr\u00e1ulicos y del motor son completamente accesibles para una mayor facilidad de mantenimiento<\/p>\n<table cellspacing=\"0\" cellpadding=\"0\">\n<colgroup>\n<col width=\"300\">\n<col width=\"139\"><\/colgroup>\n<tbody>\n<tr>\n<td bgcolor=\"#CCCCCC\" width=\"300\" height=\"20\">Fuente de alimentaci\u00f3n<\/td>\n<td width=\"139\">&nbsp;<\/td>\n<\/tr>\n<tr>\n<td height=\"20\">Capacidad \u2013 Tanque de combustible<\/td>\n<td>83 L \/ 22 gal.<\/td>\n<\/tr>\n<tr>\n<td height=\"20\">Tipo de motor \u2013 Di\u00e9sel<\/td>\n<td>Kubota, 1.26L, 24.8HP<\/td>\n<\/tr>\n<tr>\n<td height=\"20\">Tipo de motor \u2013 Combustible doble<\/td>\n<td>Kubota, 1.26L, 24.8HP<\/td>\n<\/tr>\n<tr>\n<td height=\"20\">&nbsp;<\/td>\n<td>&nbsp;<\/td>\n<\/tr>\n<tr>\n<td bgcolor=\"#CCCCCC\" height=\"20\">Especificaciones generales<\/td>\n<td>&nbsp;<\/td>\n<\/tr>\n<tr>\n<td height=\"20\">Capacidad \u2013 Dep\u00f3sito hidr\u00e1ulico<\/td>\n<td>122 L \/ 32 gal.<\/td>\n<\/tr>\n<tr>\n<td height=\"20\">Peso de la m\u00e1quina<\/td>\n<td>7.15 kg \/ 16 lb<\/td>\n<\/tr>\n<tr>\n<td height=\"20\">&nbsp;<\/td>\n<td>&nbsp;<\/td>\n<\/tr>\n<tr>\n<td bgcolor=\"#CCCCCC\" height=\"20\">Datos de desempe\u00f1o<\/td>\n<td>&nbsp;<\/td>\n<\/tr>\n<tr>\n<td height=\"20\">Velocidad de conducci\u00f3n \u2013 Plataforma elevada<\/td>\n<td>0.80 km\/h \/ 0.50 mph<\/td>\n<\/tr>\n<tr>\n<td height=\"20\">Velocidad de conducci\u00f3n \u2013 Plataforma bajada<\/td>\n<td>5.63 km\/h \/ 3.50 mph<\/td>\n<\/tr>\n<tr>\n<td height=\"20\">Capacidad en pendientes<\/td>\n<td>45%<\/td>\n<\/tr>\n<tr>\n<td height=\"20\">Tiempo de levantamiento<\/td>\n<td>45 sec.<\/td>\n<\/tr>\n<tr>\n<td height=\"20\">Tiempo de descenso<\/td>\n<td>47 sec.<\/td>\n<\/tr>\n<tr>\n<td height=\"20\">Capacidad de la plataforma<\/td>\n<td>568 kg \/ 1252 lb<\/td>\n<\/tr>\n<tr>\n<td height=\"20\">Capacit\u00e0 della piattaforma \u2013 Estensione<\/td>\n<td>230 kg \/ 507 lb<\/td>\n<\/tr>\n<tr>\n<td height=\"20\">Radio de giro \u2013 Exterior<\/td>\n<td>5.93 m \/ 19 ft<\/td>\n<\/tr>\n<tr>\n<td height=\"20\">&nbsp;<\/td>\n<td>&nbsp;<\/td>\n<\/tr>\n<tr>\n<td bgcolor=\"#CCCCCC\" height=\"20\">Datos dimensionales<\/td>\n<td>&nbsp;<\/td>\n<\/tr>\n<tr>\n<td height=\"20\">Espacio libre al suelo<\/td>\n<td>0.35 m \/ 1 ft<\/td>\n<\/tr>\n<tr>\n<td height=\"20\">Altura de la m\u00e1quina<\/td>\n<td>2.99 m \/ 10 ft<\/td>\n<\/tr>\n<tr>\n<td height=\"20\">Altura de la m\u00e1quina \u2013 Rieles plegados<\/td>\n<td>2.39 m \/ 8 ft<\/td>\n<\/tr>\n<tr>\n<td height=\"20\">Longitud de la m\u00e1quina<\/td>\n<td>4.88 m \/ 16 ft<\/td>\n<\/tr>\n<tr>\n<td height=\"20\">Ancho de la m\u00e1quina<\/td>\n<td>2.31 m \/ 8 ft<\/td>\n<\/tr>\n<tr>\n<td height=\"20\">Dimensi\u00f3n A de la plataforma<\/td>\n<td>1.79 m \/ 6 ft<\/td>\n<\/tr>\n<tr>\n<td height=\"20\">Dimensi\u00f3n B de la plataforma<\/td>\n<td>3.86 m \/ 13 ft<\/td>\n<\/tr>\n<tr>\n<td height=\"20\">Longitud de extensi\u00f3n de la plataforma<\/td>\n<td>1.14 m \/ 4 ft<\/td>\n<\/tr>\n<tr>\n<td height=\"20\">Altura de la plataforma<\/td>\n<td>13.11 m \/ 43 ft<\/td>\n<\/tr>\n<tr>\n<td height=\"20\">Altura de la plataforma \u2013 Bajada<\/td>\n<td>1.84 m \/ 6 ft<\/td>\n<\/tr>\n<tr>\n<td height=\"20\">Altura del barandal de la plataforma<\/td>\n<td>1.10 m \/ 4 ft<\/td>\n<\/tr>\n<tr>\n<td height=\"20\">Tama\u00f1o de llantas<\/td>\n<td>12 X 16.5 Foam Filled<\/td>\n<\/tr>\n<tr>\n<td height=\"20\">Distancia entre ejes<\/td>\n<td>2.97 m \/ 10 ft<\/td>\n<\/tr>\n<tr>\n<td height=\"20\">&nbsp;<\/td>\n<td>&nbsp;<\/td>\n<\/tr>\n<tr>\n<td bgcolor=\"#CCCCCC\" height=\"20\">Especificaciones de alcance<\/td>\n<td>&nbsp;<\/td>\n<\/tr>\n<tr>\n<td height=\"20\">Altura de la plataforma<\/td>\n<td>13.11 m \/ 43 ft<\/td>\n<\/tr>\n<tr>\n<td height=\"20\">Altura de trabajo<\/td>\n<td>15.11 m \/ 50 ft<\/td>\n<\/tr>\n<\/tbody>\n<\/table>\n","protected":false},"excerpt":{"rendered":"<p>Los elevadores de tijera motorizados de JLG\u00ae se escogen para aplicaciones que requieren m\u00e1s espacio de trabajo y mayor capacidad de elevaci\u00f3n. Tanto la serie RT como el modelo MRT ofrecen una mayor superficie de trabajo y generalmente m\u00e1s capacidad de carga que los elevadores de pluma. Ambos ofrecen un desempe\u00f1o excepcional en cuanto a maniobrabilidad en el terreno y capacidad para subir pendientes, lo que facilita las maniobras en los sitios de trabajo m\u00e1s dif\u00edciles.<\/p>\n<p>Key Specs<br \/>\nAltura de la plataforma: 13.11 m \/ 43 ft<br \/>\nAncho de la m\u00e1quina : 2.31 m \/ 8 ft<br \/>\nCapacidad de la plataforma : 568 kg \/ 1252 lb<\/p>\n","protected":false},"featured_media":4568,"comment_status":"closed","ping_status":"closed","template":"","meta":[],"product_brand":[],"product_cat":[316,319,338,314,321],"product_tag":[],"class_list":{"0":"post-4528","1":"product","2":"type-product","3":"status-publish","4":"has-post-thumbnail","6":"product_cat-elevadoras-de-tijera","7":"product_cat-elevadores","8":"product_cat-jlg","9":"product_cat-plataformas","10":"product_cat-tijera","12":"first","13":"instock","14":"shipping-taxable","15":"product-type-simple"},"_links":{"self":[{"href":"https:\/\/optimizacion-online.info\/mtr\/wp-json\/wp\/v2\/product\/4528","targetHints":{"allow":["GET"]}}],"collection":[{"href":"https:\/\/optimizacion-online.info\/mtr\/wp-json\/wp\/v2\/product"}],"about":[{"href":"https:\/\/optimizacion-online.info\/mtr\/wp-json\/wp\/v2\/types\/product"}],"replies":[{"embeddable":true,"href":"https:\/\/optimizacion-online.info\/mtr\/wp-json\/wp\/v2\/comments?post=4528"}],"wp:featuredmedia":[{"embeddable":true,"href":"https:\/\/optimizacion-online.info\/mtr\/wp-json\/wp\/v2\/media\/4568"}],"wp:attachment":[{"href":"https:\/\/optimizacion-online.info\/mtr\/wp-json\/wp\/v2\/media?parent=4528"}],"wp:term":[{"taxonomy":"product_brand","embeddable":true,"href":"https:\/\/optimizacion-online.info\/mtr\/wp-json\/wp\/v2\/product_brand?post=4528"},{"taxonomy":"product_cat","embeddable":true,"href":"https:\/\/optimizacion-online.info\/mtr\/wp-json\/wp\/v2\/product_cat?post=4528"},{"taxonomy":"product_tag","embeddable":true,"href":"https:\/\/optimizacion-online.info\/mtr\/wp-json\/wp\/v2\/product_tag?post=4528"}],"curies":[{"name":"wp","href":"https:\/\/api.w.org\/{rel}","templated":true}]}}