{"id":4634,"date":"2018-11-13T07:27:51","date_gmt":"2018-11-13T07:27:51","guid":{"rendered":"https:\/\/montacargasventayrenta.com\/?post_type=product&#038;p=4634"},"modified":"2018-11-13T07:27:51","modified_gmt":"2018-11-13T07:27:51","slug":"jlg-pluma-sobre-orugas-compactas-x700aj","status":"publish","type":"product","link":"https:\/\/optimizacion-online.info\/mtr\/producto\/jlg-pluma-sobre-orugas-compactas-x700aj\/","title":{"rendered":"JLG Pluma sobre orugas compactas X700AJ"},"content":{"rendered":"<p>Compact design increases ease of transport<br \/>\nEnhanced maneuverability and accessibility<br \/>\nEnvironmentally friendly \u2014 electric and combustion combination power for efficient energy usage<br \/>\nOutriggers required for operation and for leveling capability on uneven surfaces<br \/>\nLightweight for low floor loading and ease of transport<\/p>\n<table cellspacing=\"0\" cellpadding=\"0\">\n<tbody>\n<tr>\n<td colspan=\"2\" width=\"468\" height=\"24\">Fuente de alimentaci\u00f3n<\/td>\n<\/tr>\n<tr>\n<td width=\"235\" height=\"20\">Tipo de motor \u2013 Gasolina<\/td>\n<td width=\"233\">Honda GX440 11.1 kW 15 hp<\/td>\n<\/tr>\n<tr>\n<td width=\"235\" height=\"20\">Tipo de motor \u2013 El\u00e9ctrico<\/td>\n<td width=\"233\">100Ah 72V Lithium-Ion<\/td>\n<\/tr>\n<tr>\n<td width=\"235\" height=\"34\">Capacidad del tanque de combustible \u2013 Gasolina<\/td>\n<td width=\"233\">5.68 L \/ 2 gal.<\/td>\n<\/tr>\n<tr>\n<td height=\"20\">&nbsp;<\/td>\n<td>&nbsp;<\/td>\n<\/tr>\n<tr>\n<td colspan=\"2\" width=\"468\" height=\"24\">Datos de desempe\u00f1o<\/td>\n<\/tr>\n<tr>\n<td width=\"235\" height=\"20\">Capacidad en pendientes<\/td>\n<td width=\"233\">40%<\/td>\n<\/tr>\n<tr>\n<td width=\"235\" height=\"20\">Estabilizadores<\/td>\n<td width=\"233\">S\u00ed<\/td>\n<\/tr>\n<tr>\n<td width=\"235\" height=\"20\">Capacidad de la plataforma<\/td>\n<td width=\"233\">199.58 kg \/ 440 lb<\/td>\n<\/tr>\n<tr>\n<td width=\"235\" height=\"20\">Giro<\/td>\n<td width=\"233\">360 Degrees<\/td>\n<\/tr>\n<tr>\n<td width=\"235\" height=\"20\">Tipo de giro<\/td>\n<td width=\"233\">No-Continuo<\/td>\n<\/tr>\n<tr>\n<td height=\"20\">&nbsp;<\/td>\n<td>&nbsp;<\/td>\n<\/tr>\n<tr>\n<td colspan=\"2\" width=\"468\" height=\"24\">Datos dimensionales<\/td>\n<\/tr>\n<tr>\n<td width=\"235\" height=\"20\">Altura de la m\u00e1quina<\/td>\n<td width=\"233\">1.99 m \/ 6 ft 7 in.<\/td>\n<\/tr>\n<tr>\n<td width=\"235\" height=\"20\">Longitud de la m\u00e1quina<\/td>\n<td width=\"233\">5.99 m \/ 19 ft 8 in.<\/td>\n<\/tr>\n<tr>\n<td width=\"235\" height=\"20\">Ancho de la m\u00e1quina<\/td>\n<td width=\"233\">0.99 m \/ 3 ft 3 in.<\/td>\n<\/tr>\n<tr>\n<td width=\"235\" height=\"34\">Longitud de la huella del estabilizador<\/td>\n<td width=\"233\">3.99 m \/ 13 ft 1 in.<\/td>\n<\/tr>\n<tr>\n<td width=\"235\" height=\"34\">Ancho de la huella del estabilizador<\/td>\n<td width=\"233\">3.99 m \/ 13 ft 1 in.<\/td>\n<\/tr>\n<tr>\n<td width=\"235\" height=\"20\">Dimensi\u00f3n A de la plataforma<\/td>\n<td width=\"233\">1.47 m \/ 4 ft 10 in.<\/td>\n<\/tr>\n<tr>\n<td width=\"235\" height=\"20\">Dimensi\u00f3n B de la plataforma<\/td>\n<td width=\"233\">0.79 m \/ 2 ft 7 in.<\/td>\n<\/tr>\n<tr>\n<td width=\"235\" height=\"20\">Altura de la plataforma<\/td>\n<td width=\"233\">21.21 m \/ 69 ft 7 in.<\/td>\n<\/tr>\n<tr>\n<td width=\"235\" height=\"20\">Longitud de tracci\u00f3n<\/td>\n<td width=\"233\">1.75 m \/ 5 ft 9 in.<\/td>\n<\/tr>\n<tr>\n<td height=\"20\">&nbsp;<\/td>\n<td>&nbsp;<\/td>\n<\/tr>\n<tr>\n<td colspan=\"2\" width=\"468\" height=\"24\">Especificaciones de alcance<\/td>\n<\/tr>\n<tr>\n<td width=\"235\" height=\"20\">Alcance horizontal<\/td>\n<td width=\"233\">11.28 m \/ 37 ft<\/td>\n<\/tr>\n<tr>\n<td width=\"235\" height=\"20\">Altura de la plataforma<\/td>\n<td width=\"233\">21.21 m \/ 69 ft 7 in.<\/td>\n<\/tr>\n<tr>\n<td width=\"235\" height=\"20\">Rotaci\u00f3n de brazo vertical<\/td>\n<td width=\"233\">85 Degrees<\/td>\n<\/tr>\n<tr>\n<td height=\"20\">&nbsp;<\/td>\n<td>&nbsp;<\/td>\n<\/tr>\n<tr>\n<td colspan=\"2\" width=\"468\" height=\"24\">Especificaciones generales<\/td>\n<\/tr>\n<tr>\n<td width=\"235\" height=\"20\">Presi\u00f3n de apoyo sobre el suelo<\/td>\n<td width=\"233\">0.50 Kg\/cm2 \/ 7 psi<\/td>\n<\/tr>\n<tr>\n<td width=\"235\" height=\"34\">Presi\u00f3n de apoyo sobre el suelo \u2013 Estabilizadores<\/td>\n<td width=\"233\">3.02 Kg\/cm2 \/ 43 psi<\/td>\n<\/tr>\n<tr>\n<td width=\"235\" height=\"20\">Peso de la m\u00e1quina<\/td>\n<td width=\"233\">3197.83 kg \/ 7050 lb<\/td>\n<\/tr>\n<\/tbody>\n<\/table>\n","protected":false},"excerpt":{"rendered":"<p>Ahora puede ir a m\u00e1s lugares en el sitio de trabajo gracias al bajo peso y las bandas de rodamiento de hule de los elevadores de pluma. Estas m\u00e1quinas son amigables con el medio ambiente; cuentan con un motor el\u00e9ctrico est\u00e1ndar de corriente alterna, de gasolina, o di\u00e9sel o con un sistema el\u00e9ctrico de iones de litio opcional que no produce emisiones. Un tren de ruedas montado sobre bandas de rodamiento sube pendientes, y un chasis estrecho permite el acceso a trav\u00e9s de puertas, patios, entradas est\u00e1ndar y edificios p\u00fablicos.<\/p>\n<p>Key Specs<\/p>\n<p>Ancho de la m\u00e1quina : 0.99 m \/ 3 ft 3 in.<br \/>\nCapacidad de la plataforma : 199.58 kg \/ 440 lb<br \/>\nAltura de la plataforma: 21.21 m \/ 69 ft 7 in.<\/p>\n","protected":false},"featured_media":4649,"comment_status":"closed","ping_status":"closed","template":"","meta":[],"product_brand":[],"product_cat":[322,319,338,336],"product_tag":[],"class_list":{"0":"post-4634","1":"product","2":"type-product","3":"status-publish","4":"has-post-thumbnail","6":"product_cat-electricos-e-hibridos-de-pluma","7":"product_cat-elevadores","8":"product_cat-jlg","9":"product_cat-marcas","11":"first","12":"instock","13":"shipping-taxable","14":"product-type-simple"},"_links":{"self":[{"href":"https:\/\/optimizacion-online.info\/mtr\/wp-json\/wp\/v2\/product\/4634","targetHints":{"allow":["GET"]}}],"collection":[{"href":"https:\/\/optimizacion-online.info\/mtr\/wp-json\/wp\/v2\/product"}],"about":[{"href":"https:\/\/optimizacion-online.info\/mtr\/wp-json\/wp\/v2\/types\/product"}],"replies":[{"embeddable":true,"href":"https:\/\/optimizacion-online.info\/mtr\/wp-json\/wp\/v2\/comments?post=4634"}],"wp:featuredmedia":[{"embeddable":true,"href":"https:\/\/optimizacion-online.info\/mtr\/wp-json\/wp\/v2\/media\/4649"}],"wp:attachment":[{"href":"https:\/\/optimizacion-online.info\/mtr\/wp-json\/wp\/v2\/media?parent=4634"}],"wp:term":[{"taxonomy":"product_brand","embeddable":true,"href":"https:\/\/optimizacion-online.info\/mtr\/wp-json\/wp\/v2\/product_brand?post=4634"},{"taxonomy":"product_cat","embeddable":true,"href":"https:\/\/optimizacion-online.info\/mtr\/wp-json\/wp\/v2\/product_cat?post=4634"},{"taxonomy":"product_tag","embeddable":true,"href":"https:\/\/optimizacion-online.info\/mtr\/wp-json\/wp\/v2\/product_tag?post=4634"}],"curies":[{"name":"wp","href":"https:\/\/api.w.org\/{rel}","templated":true}]}}