{"id":4742,"date":"2018-11-13T08:40:48","date_gmt":"2018-11-13T08:40:48","guid":{"rendered":"https:\/\/montacargasventayrenta.com\/?post_type=product&#038;p=4742"},"modified":"2018-11-22T20:59:26","modified_gmt":"2018-11-22T20:59:26","slug":"plataforma-elevadora-multiusos-manejable-15msp","status":"publish","type":"product","link":"https:\/\/optimizacion-online.info\/mtr\/producto\/plataforma-elevadora-multiusos-manejable-15msp\/","title":{"rendered":"Plataforma elevadora multiusos manejable 15MSP"},"content":{"rendered":"<p>Radio de giro cero para maniobrabilidad superior<br \/>\nCargador autom\u00e1tico integrado para tener menos tiempo de inactividad en el trabajo<br \/>\nFuncionamiento con una mano para incrementar la comodidad del operador<br \/>\nManejable a la altura m\u00e1xima para mejorar la eficiencia<\/p>\n<table cellspacing=\"0\" cellpadding=\"0\">\n<colgroup>\n<col width=\"386\">\n<col width=\"239\"><\/colgroup>\n<tbody>\n<tr>\n<td colspan=\"2\" width=\"625\" height=\"24\">Datos dimensionales<\/td>\n<\/tr>\n<tr>\n<td width=\"386\" height=\"20\">Tama\u00f1o de rueda \u2013 Giratoria delantera<\/td>\n<td width=\"239\">20 x 6 cm<\/td>\n<\/tr>\n<tr>\n<td width=\"386\" height=\"20\">Espacio libre al suelo<\/td>\n<td width=\"239\">0.05 m \/ 2 in.<\/td>\n<\/tr>\n<tr>\n<td width=\"386\" height=\"20\">Altura de contacto con el suelo<\/td>\n<td width=\"239\">0.46 m \/ 1 ft 6 in.<\/td>\n<\/tr>\n<tr>\n<td width=\"386\" height=\"20\">Altura de la m\u00e1quina<\/td>\n<td width=\"239\">1.98 m \/ 6 ft<\/td>\n<\/tr>\n<tr>\n<td width=\"386\" height=\"20\">Longitud de la m\u00e1quina<\/td>\n<td width=\"239\">1.88 m \/ 6 ft<\/td>\n<\/tr>\n<tr>\n<td width=\"386\" height=\"20\">Ancho de la m\u00e1quina<\/td>\n<td width=\"239\">0.80 m \/ 3 ft<\/td>\n<\/tr>\n<tr>\n<td width=\"386\" height=\"20\">Dimensi\u00f3n A de la plataforma<\/td>\n<td width=\"239\">1.22 m \/ 4 ft<\/td>\n<\/tr>\n<tr>\n<td width=\"386\" height=\"20\">Dimensi\u00f3n B de la plataforma<\/td>\n<td width=\"239\">0.71 m \/ 2 ft<\/td>\n<\/tr>\n<tr>\n<td width=\"386\" height=\"20\">Altura de la plataforma<\/td>\n<td width=\"239\">4.65 m \/ 15 ft<\/td>\n<\/tr>\n<tr>\n<td width=\"386\" height=\"20\">Tama\u00f1o de rueda \u2013 Trasera<\/td>\n<td width=\"239\">32 x 10 cm<\/td>\n<\/tr>\n<tr>\n<td width=\"386\" height=\"20\">Tama\u00f1o de llantas<\/td>\n<td width=\"239\">No\/Aplica<\/td>\n<\/tr>\n<tr>\n<td height=\"19\">&nbsp;<\/td>\n<td>&nbsp;<\/td>\n<\/tr>\n<tr>\n<td colspan=\"2\" width=\"625\" height=\"24\">Especificaciones de alcance<\/td>\n<\/tr>\n<tr>\n<td width=\"386\" height=\"20\">Altura de la plataforma<\/td>\n<td width=\"239\">4.65 m \/ 15 ft<\/td>\n<\/tr>\n<tr>\n<td width=\"386\" height=\"24\">Altura de trabajo<\/td>\n<td width=\"239\">6.48 m \/ 21 ft<\/td>\n<\/tr>\n<tr>\n<td height=\"19\">&nbsp;<\/td>\n<td>&nbsp;<\/td>\n<\/tr>\n<tr>\n<td colspan=\"2\" width=\"625\" height=\"24\">Datos de desempe\u00f1o<\/td>\n<\/tr>\n<tr>\n<td width=\"386\" height=\"20\">Velocidad de conducci\u00f3n \u2013 Plataforma elevada<\/td>\n<td width=\"239\">0.96 km\/h \/ 0.60 mph<\/td>\n<\/tr>\n<tr>\n<td width=\"386\" height=\"24\">Velocidad de conducci\u00f3n \u2013 Plataforma bajada<\/td>\n<td width=\"239\">5.50 km\/h \/ 3.42 mph<\/td>\n<\/tr>\n<tr>\n<td width=\"386\" height=\"20\">Sistema de propulsi\u00f3n<\/td>\n<td width=\"239\">4 Cepillo Directo El\u00e9ctrico<\/td>\n<\/tr>\n<tr>\n<td width=\"386\" height=\"20\">Capacidad en pendientes<\/td>\n<td align=\"right\" width=\"239\">20%<\/td>\n<\/tr>\n<tr>\n<td width=\"386\" height=\"20\">Altura m\u00e1xima de conducci\u00f3n<\/td>\n<td width=\"239\">4.65 m \/ 15 ft<\/td>\n<\/tr>\n<tr>\n<td width=\"386\" height=\"24\">M\u00e1xima altura de levantamiento<\/td>\n<td width=\"239\">4.65 m \/ 15 ft<\/td>\n<\/tr>\n<tr>\n<td width=\"386\" height=\"20\">Capacidad de la plataforma<\/td>\n<td width=\"239\">227 kg \/ 500 lb<\/td>\n<\/tr>\n<tr>\n<td height=\"24\">&nbsp;<\/td>\n<td>&nbsp;<\/td>\n<\/tr>\n<tr>\n<td colspan=\"2\" width=\"625\" height=\"24\">Especificaciones generales<\/td>\n<\/tr>\n<tr>\n<td width=\"386\" height=\"24\">Peso de la m\u00e1quina<\/td>\n<td width=\"239\">1100 kg \/ 2425 lb<\/td>\n<\/tr>\n<tr>\n<td height=\"19\">&nbsp;<\/td>\n<td>&nbsp;<\/td>\n<\/tr>\n<tr>\n<td colspan=\"2\" width=\"625\" height=\"24\">Fuente de alimentaci\u00f3n<\/td>\n<\/tr>\n<tr>\n<td width=\"386\" height=\"24\">Bater\u00edas<\/td>\n<td width=\"239\">2 Sellada 100 A-h Vidrio Mat (AGM)<\/td>\n<\/tr>\n<\/tbody>\n<\/table>\n","protected":false},"excerpt":{"rendered":"<p>Con controles innovadores, componentes que no requieren mantenimiento y carga autom\u00e1tica de la bater\u00eda, los elevadores de m\u00e1stil vertical manejables de JLG\u00ae ofrecen m\u00e1s que nunca, mayor duraci\u00f3n y confiabilidad. Todos los modelos son impulsados el\u00e9ctricamente gracias a la fiable propulsi\u00f3n el\u00e9ctrica directa. Tambi\u00e9n ofrecen facilidad de operaci\u00f3n y mayor maniobrabilidad, para que usted pueda hacer tareas de mantenimiento r\u00e1pida y eficientemente.<\/p>\n<p>Key Specs<br \/>\nAltura de la plataforma: 4.65 m \/ 15 ft<br \/>\nAncho de la m\u00e1quina : 0.80 m \/ 3 ft<\/p>\n","protected":false},"featured_media":4701,"comment_status":"closed","ping_status":"closed","template":"","meta":[],"product_brand":[],"product_cat":[315,318,338,336,314],"product_tag":[],"class_list":{"0":"post-4742","1":"product","2":"type-product","3":"status-publish","4":"has-post-thumbnail","6":"product_cat-elevadoras","7":"product_cat-elevadoras-multiusos","8":"product_cat-jlg","9":"product_cat-marcas","10":"product_cat-plataformas","12":"first","13":"instock","14":"shipping-taxable","15":"product-type-simple"},"_links":{"self":[{"href":"https:\/\/optimizacion-online.info\/mtr\/wp-json\/wp\/v2\/product\/4742","targetHints":{"allow":["GET"]}}],"collection":[{"href":"https:\/\/optimizacion-online.info\/mtr\/wp-json\/wp\/v2\/product"}],"about":[{"href":"https:\/\/optimizacion-online.info\/mtr\/wp-json\/wp\/v2\/types\/product"}],"replies":[{"embeddable":true,"href":"https:\/\/optimizacion-online.info\/mtr\/wp-json\/wp\/v2\/comments?post=4742"}],"wp:featuredmedia":[{"embeddable":true,"href":"https:\/\/optimizacion-online.info\/mtr\/wp-json\/wp\/v2\/media\/4701"}],"wp:attachment":[{"href":"https:\/\/optimizacion-online.info\/mtr\/wp-json\/wp\/v2\/media?parent=4742"}],"wp:term":[{"taxonomy":"product_brand","embeddable":true,"href":"https:\/\/optimizacion-online.info\/mtr\/wp-json\/wp\/v2\/product_brand?post=4742"},{"taxonomy":"product_cat","embeddable":true,"href":"https:\/\/optimizacion-online.info\/mtr\/wp-json\/wp\/v2\/product_cat?post=4742"},{"taxonomy":"product_tag","embeddable":true,"href":"https:\/\/optimizacion-online.info\/mtr\/wp-json\/wp\/v2\/product_tag?post=4742"}],"curies":[{"name":"wp","href":"https:\/\/api.w.org\/{rel}","templated":true}]}}